s -263166405 + 1?
-263166404
In base 8, what is 13 - -432345267?
432345302
In base 3, what is -122221 + 1200012102?
1122112111
In base 10, what is 1 - 1478641?
-1478640
In base 16, what is 335423 + -194?
33528f
In base 13, what is 325534b + 24?
3255372
In base 2, what is -100 + -1001111100011100001100010?
-1001111100011100001100110
In base 2, what is -100 - 1000000100000111111001?
-1000000100000111111101
In base 16, what is 10 - -40c53?
40c63
In base 12, what is 8b3 + -5168b?
-50998
In base 10, what is -12830 - -6320?
-6510
In base 3, what is 120102000020201212 + -1?
120102000020201211
In base 3, what is -1000002200100110212 + 11?
-1000002200100110201
In base 11, what is -711 - 60?
-771
In base 3, what is -20011022110212200 + 12?
-20011022110212111
In base 2, what is 1111001 - -1001010101000101100000?
1001010101000111011001
In base 10, what is 2 + 25360726?
25360728
In base 10, what is 1469200 + -287?
1468913
In base 13, what is -33ac + 9908?
6529
In base 16, what is -2 - 3db878?
-3db87a
In base 2, what is -10010 - -1000101100001010101010001?
1000101100001010100111111
In base 11, what is -6 - -134113?
134108
In base 8, what is 0 + 123255504?
123255504
In base 11, what is 42511633 - -4?
42511637
In base 8, what is 4752711 - -102?
4753013
In base 4, what is 333102021321 - 120?
333102021201
In base 5, what is 2222312 + -412?
2221400
In base 13, what is -4 - -2a7624c9?
2a7624c5
In base 15, what is 151e1 + -3e?
151a2
In base 8, what is 31 + 1402?
1433
In base 15, what is -6 + 2596732?
259672b
In base 12, what is -8395a2 + -6?
-8395a8
In base 10, what is -3 + 6064098?
6064095
In base 5, what is 22321 - -14402?
42223
In base 5, what is 103224433 - 411?
103224022
In base 6, what is 4 + 14534045421?
14534045425
In base 8, what is 4353 + 63753?
70326
In base 4, what is -11 + -1011310330011?
-1011310330022
In base 13, what is 6 - -313c61?
313c67
In base 7, what is 12152 + -15142?
-2660
In base 11, what is -5 - 40367636?
-40367640
In base 9, what is 5863812 - 140?
5863662
In base 7, what is 33521601 + -32?
33521536
In base 5, what is -331220140 - -344?
-331214241
In base 12, what is -345818 - 3?
-34581b
In base 15, what is -338ac + 4a?
-33862
In base 2, what is -100110001111000000100111000 + -10?
-100110001111000000100111010
In base 15, what is -3a5135 - -a?
-3a512a
In base 16, what is 1d - 1463a3?
-146386
In base 7, what is -522 + -14465?
-15320
In base 5, what is -2 - 34220034113?
-34220034120
In base 3, what is 1 - -101010022112221?
101010022112222
In base 4, what is 231112312 - -200?
231113112
In base 4, what is -200300300210 + 13?
-200300300131
In base 10, what is 22565367 - 2?
22565365
In base 5, what is 3 - 201121002?
-201120444
In base 3, what is 111 - 11221021222122?
-11221021222011
In base 3, what is 1122122001101 - 21201?
1122121202200
In base 11, what is -410 - -53a9?
4a99
In base 2, what is -10011101011111 + -1000001101?
-10100101101100
In base 6, what is -124225 + 33130?
-51055
In base 2, what is 100101101111110101010010 - 100?
100101101111110101001110
In base 6, what is -2202112 - -204?
-2201504
In base 3, what is 210222101 - 1002021?
202220010
In base 16, what is -3 - -14d31e3?
14d31e0
In base 16, what is 3 - -cb63e6?
cb63e9
In base 2, what is 110001011110111010 - -10011001000?
110001110010000010
In base 7, what is -253531405 - -2?
-253531403
In base 7, what is -130414 - 465?
-131212
In base 13, what is -402a937 + 8?
-402a92c
In base 15, what is -2c0b + -235?
-2e41
In base 10, what is 641 - 702714?
-702073
In base 13, what is -1c40a - 27?
-1c434
In base 10, what is -39493 + 203?
-39290
In base 15, what is -6c7 + -1e65?
-263c
In base 16, what is -1921 + -216f?
-3a90
In base 11, what is -102 - 18334?
-18436
In base 13, what is 2 + 54b23b?
54b240
In base 5, what is 32400 - 4234402?
-4202002
In base 8, what is -5 - -10644552?
10644545
In base 9, what is -2 - -175361087?
175361085
In base 5, what is 400132404334 + -10?
400132404324
In base 11, what is -4 - -28378a?
283786
In base 8, what is -16743 - -17350?
405
In base 10, what is 104 - -1452766?
1452870
In base 13, what is a75587 + -33?
a75554
In base 4, what is 2202222030 + -23?
2202222001
In base 16, what is -5 - 72f0f?
-72f14
In base 10, what is -47779039 + 4?
-47779035
In base 10, what is 6390 - 2439?
3951
In base 5, what is 1212311 + 2013?
1214324
In base 4, what is -12011023 - 33?
-12011122
In base 9, what is 1406 - 25512?
-24105
In base 11, what is 63 - 26a595a?
-26a58a7
In base 16, what is -30d025 + 59?
-30cfcc
In base 3, what is -102211011 - 2220022010?
-10100010021
In base 6, what is -2 - -25452425?
25452423
In base 4, what is -1331021 - 212?
-1331233
In base 14, what is c472b - b?
c4720
In base 4, what is -1213230311 + -13?
-1213230330
In base 12, what is 258 + 25683a?
256a96
In base 5, what is 112 - 10413424?
-10413312
In base 16, what is -2d - -2465ce?
2465a1
In base 15, what is 4 + 132d57?
132d5b
In base 15, what is 5 + 2116c?
21172
In base 12, what is -a1ba891 - -3?
-a1ba88a
In base 14, what is -b719a88 + -5?
-b719a8d
In base 5, what is -42120 + -312240?
-404410
In base 7, what is -161106 + -10401?
-201510
In base 11, what is 12775050 + -3?
12775048
In base 5, what is -14444424 - 1332?
-20001311
In base 12, what is 1a50 + 19a6?
3836
In base 10, what is 10 + -2298572?
-2298562
In base 13, what is 50 + 15b81?
15c01
In base 3, what is 2000102222110 + 120?
2000110000000
In base 2, what is 111100101 - -10011001010100?
10100000111001
In base 3, what is 20121221122212222 - 11?
20121221122212211
In base 6, what is -11345351 - -15?
-11345332
In base 6, what is -51533201 + 205?
-51532552
In base 6, what is 423554 + 5311?
433305
In base 11, what is -25910629 - 2?
-25910630
In base 5, what is -2043310040 + -140?
-2043310230
In base 10, what is 16248 - 2617?
13631
In base 13, what is 66 - 2637a?
-26314
In base 14, what is 475 - 3cd9?
-3864
In base 12, what is -109b91 - -17?
-109b76
In base 2, what is -111 + 100011111111011001010101011?
100011111111011001010100100
In base 5, what is 1231 + -422043403?
-422042122
In base 11, what is -75583 - 114?
-75697
In base 3, what is -12222022 - 20101?
-20012200
In base 16, what is -2c69eab + 3?
-2c69ea8
In base 13, what is -1b7a3 - 91b?
-1c3c1
In base 10, what is 51845969 + 0?
51845969
In base 12, what is -1166 - 30a11?
-31b77
In base 2, what is 1110110100110 - 1110010101?
1101000010001
In base 2, what is 10011101 - -1100101100001111010?
1100101100100010111
In base 10, what is -8050 - 292?
-8342
In base 10, what is -3 - -1790236?
1790233
In base 8, what is 7527 - 1433?
6074
In base 6, what is 23414525200 - 1?
23414525155
In base 11, what is -3 - -76067704?
76067701
In base 4, what is 111001131 + 210?
111002001
In base 15, what is 67414 - -4?
67418
In base 12, what is -17510 + 238?
-17294
In base 2, what is 100111000 - -10001001000101001?
10001001101100001
In base 5, what is 1114243 + 4?
1114302
In base 10, what is -1707 + -20040?
-21747
In base 13, what is -26c6 - 84?
-277a
In base 4, what is -11 - -22130101023?
22130101012
In base 6, what is 104444212053 - 2?
104444212051
In base 12, what is -a0178 - 573?
-a072b
In base 11, what is 669 - 8323?
-7765
In base 10, what is -691 + -21277?
-21968
In base 13, what is -6ccabb + -2?
-6ccac0
In base 12, what is -48737b9 + -7?
-4873804
In base 9, what is -75602480 - -4?
-75602475
In base 4, what is 213300111120 - 11?
213300111103
In base 14, what is 10857 - -d23?
1177a
In base 15, what is 325e66 + 0?
325e66
In base 16, what is 37 + 4f73?
4faa
In base 3, what is 111210211121 - -1002212?
111211221110
In base 3, what is -12 - -1021022220201012?
1021022220201000
In base 13, what is -1159575 - -4c?
-1159526
In base 9, what is -168372 - -510?
-167762
In base 12, what is 59080 + -2a4?
58998
In base 8, what is -4454507 - 152?
-4454661
In base 6, what is 20515 + 111152?
132111
In base 12, what is -1897 + 3?
-1894
In base 12, what is 449 + a7a0b?
a8258
In base 6, what is -43 + 3024434?
3024351
In base 10, what is 32 + 326761?
326793
In base 15, what is -28e - -76122?
75d83
In base 7, what is -5 + 1452125?
1452120
In base 6, what is 45024 - -2213?
51241
In base 5, what is 1414421 - 14430?
1344441
In base 7, what is -114433232 + -3?
-114433235
In base 14, what is -6 - 45954a?
-459552
In base 12, what is 2 - 9a0129a?
-9a0